- y = j. What is the remainder when j is divided by 10?
8
Suppose 0 = 5*g - 6 - 64. Calculate the remainder when 54 is divided by g.
12
Suppose 3*h = -0*h + 12. Suppose -320 = h*i - 9*i. Suppose 79 = 2*t + 5*b + 10, 2*t - 39 = b. Calculate the remainder when i is divided by t.
20
Calculate the remainder when 17 is divided by (-3)/9 - (-62)/6.
7
Let r = 15 + -13. Suppose -p - 61 = -4*y, -r*y + 3*p + 2*p = -53. Calculate the remainder when 39 is divided by y.
11
Let j = 1 - -6. Let m = j + 3. Calculate the remainder when m is divided by 6.
4
Let h = 10 + -6. Calculate the remainder when 13 is divided by h.
1
Let v be ((-5)/(-15))/(1/9). Suppose u + 5 = v*a, -2*u = 2*a - a - 18. Calculate the remainder when u is divided by 2.
1
Let o = 0 - -17. Suppose 3*l = n + n + 4, 3*l = 3*n. Suppose -l*m - 6 = -5*m. What is the remainder when o is divided by m?
5
Let f(w) = 26*w**2 + w + 1. Let l be (0 + 0)/(-5 - -3). What is the remainder when f(-1) is divided by (l - 0) + (4 - -10)?
12
Suppose -3*i = -3 - 3. Let n(k) = -3*k + k**3 + 2*k - 2 + k**2 - 2*k + 3. Calculate the remainder when n(i) is divided by 3.
1
Let v = -76 - -99. Calculate the remainder when v is divided by 13.
10
Suppose -3*m - 10 = -58. Let l = m - 12. What is the remainder when 7 is divided by l?
3
Suppose -32*r = -26*r - 150. What is the remainder when 74 is divided by r?
24
Let x be (4/(-10))/(2/(-30)). Suppose 2*u = 2*i - x - 10, -4 = 3*i + 4*u. Suppose -r = -32 + i. What is the remainder when r is divided by 15?
13
Let f(y) = 14*y**3 + 2*y**2 - 2*y + 1. Let h(j) = j**3 - j**2 - j + 28. What is the remainder when h(0) is divided by f(1)?
13
Let b(a) = -a**3 + 4*a**2 - 2*a - 3. Let n be b(3). Suppose n = 2*i - 26 - 2. Let h = 3 + 2. Calculate the remainder when i is divided by h.
4
Suppose 2*t + i - 71 = 2*i, 3*i = -5*t + 183. Let u = t + -21. What is the remainder when 19/((-2)/(-6)*1) is divided by u?
12
What is the remainder when 3 + (-3)/((-15)/350) is divided by 38?
35
Suppose 0 = -j - 2 + 24. Calculate the remainder when 39 is divided by j.
17
Let r(h) = 2*h**3 - 3*h**2 - 6*h + 6. Suppose 0 = -5*q + 3*n + 54, n + 2 + 1 = 0. Calculate the remainder when r(3) is divided by q.
6
Let s = -62 - -91. Suppose 0*r + r - 3 = 0. Suppose -r*b = -b - 20. Calculate the remainder when s is divided by b.
9
Let h(n) = 2*n**2 - 4*n. Let c be h(5). Suppose 0 = 4*f - 7*f + c. What is the remainder when 19 is divided by f?
9
Suppose 2*r - 5*f + 5 = 0, -4*f + 0*f = -5*r + 30. Suppose 5*n - 122 = 23. Calculate the remainder when n is divided by r.
9
Let h = 4 + 11. Suppose -3*t + 12 = 5*a, -4*t - 3*a + 0 = -5. Let v = 7 + t. Calculate the remainder when h is divided by v.
3
Suppose -2*w - 45 = -5. Let g = w + 52. Calculate the remainder when g is divided by (-3)/(-9) - (-100)/6.
15
Suppose z + 56 = 2*x - z, 128 = 5*x + z. What is the remainder when 101 is divided by x?
23
Suppose -g + 3 = -2. Suppose g*f - 34 + 124 = 0. Let m = f - -35. What is the remainder when m is divided by 6?
5
Let a = 2 - -19. Suppose -3*z + 25 + 11 = 0. What is the remainder when a is divided by z?
9
Suppose -j = -2*l - 6, -5*l = -3*j + 13 + 3. Suppose -j*t = -5*o - 101, 0 = 3*t - 2*o + 7*o - 114. What is the remainder when t is divided by 15?
13
Suppose 0 = -7*t + 69 + 113. What is the remainder when 75 is divided by t?
23
Suppose 48 = -13*f + 139. What is the remainder when 25 is divided by f?
4
Let o(k) = -k**2 - 9*k + 21. Calculate the remainder when o(-8) is divided by 10.
9
Suppose -5*y = -4*t - t + 205, -y = -5*t + 49. Let l = 60 + y. Calculate the remainder when 61 is divided by l.
19
Suppose 5*g + 16 = -9. Let o(y) = -y**3 - 5*y**2 - 2*y - 5. Calculate the remainder when o(g) is divided by 2.
1
Suppose 5*w + 22 = 4*w. Let s = 41 + w. Calculate the remainder when 56 is divided by s.
18
Let t(z) = z**2 + 13*z - 18. Let i be 855/25 - (-1)/(-5). Calculate the remainder when (1 - 2 - -2) + i is divided by t(-15).
11
Suppose 3*a + 40 = 3*s - a, -s = -4*a - 16. Suppose b - s = 25. Let w = 42 - 29. What is the remainder when b is divided by w?
11
Let q(w) = -1. Let p(r) = -2*r - 5. Let c(n) = -3*p(n) + 12*q(n). Let i(t) = -1. Let u(d) = -c(d) - 4*i(d). What is the remainder when u(-7) is divided by 15?
13
Let n(a) = -4*a - 4. Let z(s) = s**2 - 11*s + 3. Let x be z(10). Calculate the remainder when n(x) is divided by 4/10 - (-126)/10.
11
Let w(y) = -5*y + 2. Let g = -51 + 79. Suppose -3*u + 7*u = g. What is the remainder when w(-2) is divided by u?
5
What is the remainder when 37 is divided by (-6)/14 + (-708)/(-84)?
5
Let u(w) = -5*w + 6. Calculate the remainder when u(-5) is divided by 8.
7
Suppose j - 450 = -4*n, -2*j + 0*j = 2*n - 222. Calculate the remainder when n is divided by 23.
21
Calculate the remainder when 17 is divided by (-9)/((1 - -1)/(-2)).
8
Suppose 687 + 2793 = -4*u. Calculate the remainder when 56 is divided by ((-1)/3)/(10/u).
27
Let h = 93 + -68. Calculate the remainder when 85 is divided by h.
10
Calculate the remainder when 44 is divided by (-2)/(2 + (-96)/45).
14
Let d(s) = 13*s - 3*s**2 + s**2 + 5 + s**2. Calculate the remainder when d(6) is divided by 5/10 - 31/(-2).
15
Let u(x) = 3*x - 7. Let l(k) = -2*k + 7. Let i(a) = 4*l(a) + 3*u(a). What is the remainder when 33 is divided by i(10)?
16
Calculate the remainder when 41 is divided by 10 - (-1)/(1/4).
13
Suppose 0 = -4*a - 16, k - 4*k = -3*a - 78. Suppose 3*x = k + 62. Calculate the remainder when x is divided by 10.
8
Let r = 12 - 10. Calculate the remainder when 4 is divided by r.
0
Suppose 6*d - 25 = 11. What is the remainder when 15 is divided by d?
3
What is the remainder when (-36)/(-90) - (-148)/5 is divided by 9?
3
Let x be (-60)/14*(10 - 17). Suppose 4*n + 22 = 3*i, 2 = -3*i + n + x. Calculate the remainder when 18 is divided by i.
8
Let b be (-2)/(-8) + 99/(-12). Let v = b - -13. Suppose v*l - 4*u - 118 = 0, -l + 0*l - 5*u = -12. What is the remainder when l is divided by 8?
6
Suppose 0 = -5*a - 5, a = -4*l - a + 258. What is the remainder when l is divided by 17?
14
Suppose 3*x + 8 = 7*x. Suppose 0 = 7*v - x*v. Let r = v + 5. Calculate the remainder when r is divided by 2.
1
Suppose b = 2*t + 29, 0 = 6*t - 3*t + 6. Let w = 43 - b. What is the remainder when (-2)/(-3) + 314/6 is divided by w?
17
What is the remainder when 17 is divided by (1/(4/36))/1?
8
Let w be 8/52 - (-50)/13. What is the remainder when 9 is divided by (1/(-3))/(w/(-48))?
1
Let h(u) = u**2 - 27*u + 70. What is the remainder when 55 is divided by h(25)?
15
Suppose 3*v - 33 - 21 = 0. Calculate the remainder when 53 is divided by v.
17
What is the remainder when 36 is divided by 13*3/12*4?
10
Let h = 6 - 1. Suppose 0 = z - h - 14. Let w = 9 - -1. What is the remainder when z is divided by w?
9
Suppose 3*h + 5*q = 8, 0 = -3*q + 6 - 3. What is the remainder when 1 is divided by h?
0
Suppose p = 4*p + 2*z - 24, 5*p - 40 = z. Calculate the remainder when p is divided by 3.
2
Suppose -63 = -8*d + 41. Calculate the remainder when 24 is divided by d.
11
Suppose y = -5*q + 45, 3*q + y + 10 - 35 = 0. Let g be 0*3/(-18)*-3. Suppose -2*l + 38 = -g*l. Calculate the remainder when l is divided by q.
9
Suppose -66 = -4*s + 18. Calculate the remainder when 32 is divided by s.
11
Suppose 0 = 8*z - 3*z - 2*x - 58, 2*z = -3*x + 8. What is the remainder when 17 is divided by z?
7
Let j = 40 + 17. Suppose j = -2*o + 5*o. Calculate the remainder when o is divided by 11.
8
Let c(r) = 5*r - 2. Let j(u) = u**3 - 5*u**2 + 2*u + 2. Let w be j(2). Let n be (-20)/w - 2/6. Calculate the remainder when c(n) is divided by 7.
6
Calculate the remainder when (-1025)/(-45) - (-4)/18 is divided by 8.
7
Suppose 3*p + 5*j + 3 = 0, 2*p - 5*j - 41 = -18. What is the remainder when 8 is divided by p?
0
Suppose 3*z + 2*a = -0*a + 2, -4*z = 4*a. Suppose 0 = -2*b - z*b + j - 738, b = j - 186. What is the remainder when (b/6)/((-16)/24) is divided by 16?
14
Suppose -19 - 17 = -4*d. Calculate the remainder when (-1)/2 + (-204)/(-8) is divided by d.
7
Suppose p + 5*u - 20 = 0, -2*u + u = 4*p - 4. Suppose -q + p*q = 4*f - 48, -4*f - 4*q = -60. Let y = -44 - -65. Calculate the remainder when y is divided by f.
10
Suppose 2*y - 4*y = 84. Let c = y - -60. Suppose -2*t - 4 = -24. Calculate the remainder when c is divid